2b
What is -49c40 (base 15) in base 11?
-151044
What is 14aa1 (base 16) in base 11?
58657
-27306160 (base 8) to base 7
-103053024
Convert -105411014 (base 6) to base 16.
-1dafb2
Convert -61215100 (base 7) to base 2.
-10011011100010011101110
What is -34112444 (base 5) in base 3?
-120021220010
Convert -219667 (base 11) to base 16.
-55551
11040210 (base 5) to base 3
11220002212
Convert -11100011001000001010 (base 2) to base 8.
-3431012
-111000110110111100 (base 2) to base 9
-384418
Convert 502077 (base 9) to base 10.
296773
-4464a4 (base 13) to base 12
-659828
124301122 (base 5) to base 12
25a200
-86ba37 (base 12) to base 9
-4014387
What is -2020305 (base 6) in base 11?
-66159
-12111202022001 (base 3) to base 2
-1011001010110100001001
What is 3a281 (base 11) in base 9?
86860
Convert 33a240 (base 11) to base 7.
4411206
Convert -2113043422 (base 5) to base 16.
-43849e
Convert 20b9f (base 16) to base 7.
1065544
What is -10210300202 (base 4) in base 7?
-13123013
What is -14534214 (base 8) in base 16?
-32b88c
What is -10101101011 (base 3) in base 2?
-10000010000110101
-1254501111 (base 6) to base 12
-5064797
Convert 20221112021002 (base 3) to base 12.
12a0092
Convert 1706024 (base 9) to base 10.
949180
Convert 37e495 (base 15) to base 6.
133243022
Convert 1203321020 (base 4) to base 3.
202210021002
What is 216436 (base 14) in base 9?
2113836
-251488 (base 15) to base 6
-102023302
-262646 (base 7) to base 2
-1011111110001010
Convert 100011001111010 (base 2) to base 14.
680a
What is -147657 (base 8) in base 13?
-1b27a
Convert -30131333 (base 4) to base 11.
-35409
-23310201 (base 4) to base 2
-1011110100100001
Convert 11001100011000010111 (base 2) to base 14.
17b11d
-101000011000101001 (base 2) to base 5
-20243132
110100101010011000 (base 2) to base 11
138075
What is -299342 (base 12) in base 3?
-1022120122212
What is -45500331 (base 6) in base 13?
-3997b4
What is 5a69 (base 14) in base 5?
1001043
What is -12101012000102 (base 3) in base 4?
-22321223123
-1604722 (base 9) to base 12
-36a732
-472515 (base 10) to base 9
-800146
What is 210e26 (base 16) in base 12?
88579a
1782075 (base 10) to base 16
1b313b
Convert -1634022 (base 8) to base 16.
-73812
What is -105255554 (base 6) in base 5?
-443424342
What is -208c2 (base 15) in base 2?
-11001001101000000
Convert 1785c (base 14) to base 7.
334545
What is -22833 (base 15) in base 12?
-536a0
1104433 (base 7) to base 2
100001001101110000
Convert -1088163 (base 9) to base 3.
-1002222012010
What is 812a4 (base 13) in base 7?
1651633
Convert -14a542a (base 11) to base 9.
-4745428
-20110001210222 (base 3) to base 4
-31010131310
What is -1102211102200 (base 3) in base 12?
-30a383
What is 123141510 (base 6) in base 16?
2482f2
What is -562a0 (base 15) in base 3?
-111220211020
-3bcb6 (base 15) to base 8
-566577
42b01 (base 15) to base 5
23233401
Convert -111a12 (base 11) to base 14.
-48d5c
31010001 (base 4) to base 13
1b47a
1002001200 (base 3) to base 5
1134221
2100200000220 (base 3) to base 12
505273
Convert 1999925 (base 15) to base 16.
11d89e4
Convert 2413336 (base 7) to base 8.
1125722
-1da9ed (base 15) to base 10
-1453498
Convert -1aada (base 15) to base 16.
-1532e
What is -54982 (base 11) in base 8?
-233534
-1353831 (base 11) to base 2
-1000111001100011110010
95a98d (base 14) to base 7
61011336
What is -32687a (base 12) in base 15?
-10bda7
-353abb (base 14) to base 2
-110111011010101100101
Convert 1ab574 (base 14) to base 13.
274b6c
What is a2422 (base 11) in base 9?
247160
Convert 38ab95 (base 12) to base 5.
214300421
-12000202012211 (base 3) to base 5
-1141000232
Convert 728430 (base 11) to base 3.
2012022221000
45860 (base 9) to base 8
73577
Convert -40225505 (base 7) to base 8.
-14560631
What is 211210511 (base 6) in base 10?
3702859
Convert -310322102 (base 5) to base 6.
-43005302
d355 (base 14) to base 16
8def
Convert 64440 (base 11) to base 13.
33857
2024232 (base 7) to base 2
111010111110111001
What is 3b10a8 (base 15) in base 5?
1211313113
359687 (base 13) to base 16
137e8e
Convert -103543 (base 11) to base 3.
-22102021220
Convert -110111111000100100 (base 2) to base 14.
-5d5c0
-807733 (base 9) to base 10
-478092
Convert 5661502 (base 7) to base 11.
440a96
What is 11151a (base 11) in base 10?
177649
What is -10233130 (base 6) in base 8?
-1112056
Convert -741110 (base 12) to base 7.
-21345342
What is 340440301 (base 5) in base 4?
11232010323
a81a3 (base 11) to base 6
3212112
What is 219671 (base 10) in base 14?
5a0ab
Convert -b23544 (base 15) to base 14.
-11a5241
Convert -10691658 (base 10) to base 13.
-22a4633
86aa55 (base 12) to base 8
10107541
Convert -364232 (base 7) to base 16.
-10310
Convert -113842 (base 12) to base 11.
-179368
27762 (base 14) to base 8
276332
-110101012210000 (base 3) to base 13
-1494309
Convert -e5a328 (base 15) to base 12.
-37a6932
Convert 1110000000101011001 (base 2) to base 6.
13501241
Convert -330311042 (base 6) to base 2.
-10110100001010010100010
What is -461004 (base 7) in base 8?
-240075
Convert -100101010001 (base 2) to base 5.
-34020
Convert 222a435 (base 14) to base 8.
75746317
-162702 (base 12) to base 6
-12032402
What is -3233233 (base 7) in base 14?
-a3cc3
Convert -2121100201000 (base 3) to base 13.
-396477
-2021012221211 (base 3) to base 7
-13146064
Convert -1287618 (base 15) to base 2.
-110010111000101011101101
3304632 (base 7) to base 4
1202321001
What is 7a930 (base 11) in base 13?
412aa
Convert 23102303031 (base 4) to base 5.
1224214324
Convert -265342 (base 10) to base 7.
-2153410
Convert 1036064 (base 7) to base 16.
1efec
Convert 440b (base 16) to base 6.
212351
Convert -a780a61 (base 11) to base 9.
-38610101
What is 960142 (base 11) in base 10?
1537472
What is -10320433 (base 5) in base 14?
-2455a
What is 27689 (base 12) in base 3?
2202210220
Convert 3054430 (base 6) to base 16.
24012
What is -12202112021 (base 3) in base 13?
-3c7b7
310200321 (base 4) to base 12
a4589
What is -7227377 (base 9) in base 4?
-32231211103
10001110010 (base 3) to base 16
eac9
1021221221212 (base 3) to base 10
688145
1473130 (base 9) to base 7
6635412
231141243 (base 5) to base 9
1850533
What is 10010100010100101000 (base 2) in base 8?
2242450
What is -20251443 (base 6) in base 16?
-8e293
Convert 612580 (base 9) to base 4.
1120210212
Convert 8311387 (base 9) to base 3.
22100101102221
Convert -6602352 (base 7) to base 4.
-3011022312
13072533 (base 8) to base 9
5430663
What is 20202021021 (base 3) in base 15?
29584
What is -200002220000 (base 3) in base 10?
-356400
Convert 103334 (base 6) to base 14.
3190
What is -5013144 (base 6) in base 13?
-83131
Convert 50a35 (base 16) to base 7.
2543645
257e85 (base 16) to base 15
3380eb
What is 110120311230 (base 4) in base 16?
518d6c
What is -98396 (base 12) in base 16?
-31122
-8a66 (base 15) to base 4
-13022202
What is 33660534 (base 8) in base 10?
7299420
Convert 11100001111010010010 (base 2) to base 15.
13428a
34512422 (base 6) to base 11
669890
889926 (base 12) to base 6
114330050
Convert -3dec1d (base 15) to base 7.
-34245130
155267 (base 9) to base 10
95722
-101001001110011000110 (base 2) to base 9
-2478018
What is -13210123 (base 4) in base 7?
-156250
What is 1013132020 (base 4) in base 5?
33331434
What is 37c937 (base 16) in base 9?
6782062
Convert -11100110100001 (base 2) to base 7.
-61004
-222356442 (base 7) to base 8
-63321530
What is -124024044 (base 7) in base 14?
-1094c5b
-25623130 (base 7) to base 4
-20323302322
What is -1122002212 (base 4) in base 7?
-3064144
-6110323 (base 7) to base 15
-e4d61
-12845542 (base 9) to base 10
-6348575
-544261 (base 7) to base 10
-95152
What is -6410616 (base 9) in base 11?
-1a34493
What is -100120200021 (base 3) in base 7?
-1413532
What is ba621 (base 13) in base 8?
1222436
What is 221333023200 (base 4) in base 2?
101001111111001011100000
What is -1216166 (base 8) in base 5?
-41204331
Convert -311433313 (base 5) to base 11.
-7a5033
What is 40054440 (base 6) in base 14?
214b44
-100011100111001110 (base 2) to base 14
-3b234
Convert -10001101101110001101100 (base 2) to base 12.
-167b578
Convert 4344367 (base 9) to base 5.
1044114000
2321111012 (base 4) to base 5
143242420
Convert 22dd65 (base 14) to base 7.
13056455
What is 24621 (base 10) in base 3?
1020202220
-2630422 (base 7) to base 10
-34355